8434.
5
What is the remainder when 43210135 is divided by 14403370?
25
What is the remainder when 3687 is divided by 828?
375
Calculate the remainder when 148075 is divided by 72546.
2983
What is the remainder when 1672625 is divided by 1007?
1005
What is the remainder when 550853 is divided by 2113?
1473
Calculate the remainder when 926610 is divided by 3899.
2547
Calculate the remainder when 26122750 is divided by 1306137.
10
What is the remainder when 89414 is divided by 4?
2
Calculate the remainder when 1173762 is divided by 58688.
2
What is the remainder when 23914 is divided by 571?
503
Calculate the remainder when 18179 is divided by 179.
100
What is the remainder when 616519 is divided by 1125?
19
Calculate the remainder when 691267065 is divided by 18.
15
Calculate the remainder when 3270804 is divided by 1532.
1516
Calculate the remainder when 23851842 is divided by 2981479.
10
What is the remainder when 308760 is divided by 138?
54
What is the remainder when 20183167 is divided by 3363858?
19
Calculate the remainder when 1784503 is divided by 1452.
1447
What is the remainder when 3340404 is divided by 155?
154
What is the remainder when 623297 is divided by 459?
434
Calculate the remainder when 23984035 is divided by 2489.
31
Calculate the remainder when 7876509 is divided by 267.
9
Calculate the remainder when 136892589 is divided by 822.
819
What is the remainder when 195441 is divided by 65146?
3
Calculate the remainder when 593007 is divided by 98830.
27
Calculate the remainder when 2103046 is divided by 1609.
83
What is the remainder when 2606733822 is divided by 512?
510
What is the remainder when 4411202 is divided by 1102798?
10
Calculate the remainder when 11567481 is divided by 10319.
10201
What is the remainder when 142347 is divided by 15810?
57
What is the remainder when 525761 is divided by 262877?
7
Calculate the remainder when 27270833 is divided by 12980.
12833
Calculate the remainder when 34809772 is divided by 5005.
5002
What is the remainder when 11573172 is divided by 1275?
1272
What is the remainder when 11814445 is divided by 1626?
1555
What is the remainder when 5187295 is divided by 8?
7
What is the remainder when 36528 is divided by 431?
324
Calculate the remainder when 1763591 is divided by 91.
11
What is the remainder when 24028 is divided by 2883?
964
What is the remainder when 8717043 is divided by 299?
296
Calculate the remainder when 6381072 is divided by 13782.
6
What is the remainder when 62972 is divided by 1404?
1196
What is the remainder when 134601 is divided by 19?
5
Calculate the remainder when 331711 is divided by 110448.
367
Calculate the remainder when 174181 is divided by 536.
517
What is the remainder when 14114 is divided by 13281?
833
Calculate the remainder when 1277036 is divided by 425633.
137
What is the remainder when 11278 is divided by 739?
193
Calculate the remainder when 1346890 is divided by 20.
10
What is the remainder when 3171 is divided by 126?
21
What is the remainder when 5755855 is divided by 7695?
7690
What is the remainder when 963030838 is divided by 97?
94
Calculate the remainder when 18567 is divided by 17593.
974
Calculate the remainder when 340353 is divided by 1583.
8
What is the remainder when 175010 is divided by 12425?
1060
What is the remainder when 3487032 is divided by 213?
9
What is the remainder when 987659 is divided by 298?
87
Calculate the remainder when 130612733 is divided by 78.
17
Calculate the remainder when 142778 is divided by 6059.
3421
Calculate the remainder when 529229740 is divided by 133.
130
What is the remainder when 68478674 is divided by 8?
2
What is the remainder when 2511259 is divided by 656?
91
Calculate the remainder when 107619 is divided by 33865.
6024
What is the remainder when 212194 is divided by 152?
2
What is the remainder when 68754 is divided by 15703?
5942
Calculate the remainder when 4211872 is divided by 2150.
22
What is the remainder when 22276226 is divided by 7425400?
26
What is the remainder when 18665946 is divided by 14?
12
What is the remainder when 12194 is divided by 11262?
932
Calculate the remainder when 752764 is divided by 59.
42
What is the remainder when 130385072 is divided by 301?
300
Calculate the remainder when 93638 is divided by 30815.
1193
Calculate the remainder when 81342 is divided by 460.
382
Calculate the remainder when 14774637 is divided by 1182.
819
Calculate the remainder when 985654 is divided by 393.
10
What is the remainder when 73873 is divided by 1781?
852
Calculate the remainder when 17943 is divided by 296.
183
Calculate the remainder when 197273 is divided by 2796.
1553
Calculate the remainder when 810694 is divided by 5961.
5959
Calculate the remainder when 143754 is divided by 15432.
4866
What is the remainder when 1525218 is divided by 63?
51
What is the remainder when 7381697 is divided by 1230278?
29
What is the remainder when 59422 is divided by 9741?
976
Calculate the remainder when 21282733 is divided by 354712.
13
Calculate the remainder when 2665503 is divided by 807.
789
What is the remainder when 33984 is divided by 8479?
68
Calculate the remainder when 90813284 is divided by 12.
8
What is the remainder when 16009974 is divided by 15?
9
What is the remainder when 1066636 is divided by 12193?
5845
What is the remainder when 804567 is divided by 21171?
69
Calculate the remainder when 167558 is divided by 332.
230
What is the remainder when 3224663 is divided by 22550?
13
Calculate the remainder when 1457000 is divided by 211.
45
What is the remainder when 493388 is divided by 296?
252
Calculate the remainder when 44009386 is divided by 6287051.
29
Calculate the remainder when 5669513 is divided by 21.
17
Calculate the remainder when 5262069 is divided by 16.
5
What is the remainder when 206759 is divided by 1505?
574
What is the remainder when 284889 is divided by 805?
724
What is the remainder when 33240 is divided by 2363?
158
What is the remainder when 10928675 is divided by 61?
37
What is the remainder when 1930743 is divided by 3713?
3696
What is the remainder when 69095 is divided by 1188?
191
Calculate the remainder when 8195364 is divided by 1820.
1724
What is the remainder when 129733 is divided by 16071?
1165
What is the remainder when 173914 is divided by 2798?
438
What is the remainder when 5142815 is divided by 1008?
1007
Calculate the remainder when 58171374 is divided by 176.
30
Calculate the remainder when 48745 is divided by 16193.
166
Calculate the remainder when 277709 is divided by 7505.
24
Calculate the remainder when 101436 is divided by 818.
4
Calculate the remainder when 84603 is divided by 59.
56
Calculate the remainder when 659991 is divided by 329957.
77
Calculate the remainder when 245567 is divided by 944.
127
Calculate the remainder when 8073606 is divided by 893.
886
Calculate the remainder when 1885236 is divided by 653.
25
Calculate the remainder when 99117 is divided by 306.
279
Calculate the remainder when 5695964 is divided by 9.
8
Calculate the remainder when 4834620 is divided by 146503.
21
Calculate the remainder when 444761 is divided by 217696.
9369
Calculate the remainder when 4782775 is divided by 27806.
143
What is the remainder when 46707614 is divided by 69?
65
Calculate the remainder when 3541616 is divided by 2122.
2120
Calculate the remainder when 19991 is divided by 2578.
1945
What is the remainder when 485788 is divided by 14261?
914
What is the remainder when 75150 is divided by 15028?
10
Calculate the remainder when 725689 is divided by 982.
973
Calculate the remainder when 159107 is divided by 4971.
35
Calculate the remainder when 46707917 is divided by 351.
347
What is the remainder when 3054518 is divided by 1526638?
1242
What is the remainder when 3605857 is divided by 2310?
2257
Calculate the remainder when 528336 is divided by 264151.
34
Calculate the remainder when 42153491 is divided by 10538372.
3
What is the remainder when 8669718 is divided by 63?
36
Calculate the remainder when 7270167 is divided by 15.
12
Calculate the remainder when 648367 is divided by 1649.
310
What is the remainder when 346042 is divided by 2011?
150
Calculate the remainder when 112053 is divided by 55006.
2041
What is the remain